= 5*a. Let d(u) = 8*u + 1. Calculate the remainder when d(a) is divided by 13.
10
Let o = 189 - 128. What is the remainder when 242 is divided by o?
59
Let y = 9 + -6. Suppose 5*o - s - 24 = y*o, -3*s = 4*o - 28. Suppose -2*n = -5*n - 2*z + 5, -5*n + 21 = -3*z. Calculate the remainder when o is divided by n.
1
Let s be -2*(-2)/8*-2. Let n = -2 - -4. Calculate the remainder when n - (0 - -1)/s is divided by 2.
1
Suppose 2 = 2*a + 4, 4*o = 3*a + 31. Suppose 5*h = -p + 16, 3*h - 12 = h + p. Calculate the remainder when o is divided by h.
3
Suppose -145 = -5*y - 2*c, 4*y + 2*c - 64 = 2*y. What is the remainder when 51 is divided by y?
24
Suppose 0 = -7*d - 4 + 18. What is the remainder when 5 is divided by d?
1
Suppose 0 = -3*b - 12, -t = b - 2*b - 23. Calculate the remainder when t is divided by 7.
5
Let z = 0 + 5. What is the remainder when z is divided by (-1)/10*-4*10?
1
Let i = 338 - 146. Calculate the remainder when i is divided by 39.
36
Let w = 195 - 152. Suppose 5*r - 33 = 2*r. Calculate the remainder when w is divided by r.
10
What is the remainder when -2 - -3 - -68*1 is divided by 2 - (-16 + -2) - 2?
15
Suppose 3*s = -2*u - 7 + 55, -5*s + 72 = 3*u. Calculate the remainder when u is divided by (-11 - 2/1)/(-1).
11
Let v(r) = -3*r - 10. Let l = -62 + 16. Let a be 4/6 + l/6. What is the remainder when v(a) is divided by 6?
5
Let f = 6 - 6. Suppose k - 19 - 97 = f. Suppose 44 - k = -4*z. What is the remainder when z is divided by 5?
3
Suppose -2*s - 125 = -7*s. Calculate the remainder when 74 is divided by s.
24
Suppose 2*t = -t + 588. Let a = t - 122. Calculate the remainder when a is divided by 19.
17
Suppose 0*u + 4*a - 13 = -u, -3*a + 31 = 5*u. Suppose -159 = -u*z - p, -z + 6*z - 175 = -5*p. Calculate the remainder when z is divided by (16/5)/(1/5).
15
Suppose n - 51 + 11 = 0. Calculate the remainder when n is divided by 11.
7
Let c(a) = -a**2 - 3*a + 12*a - 2 + 1. What is the remainder when 31 is divided by c(6)?
14
Let p be 59 - -1*(-1 - 0). Suppose -5*t + p + 7 = 0. Let o = 52 + -14. Calculate the remainder when o is divided by t.
12
Suppose -12 - 3 = 3*n. Calculate the remainder when (-1 + -6)/(1/n) is divided by 12.
11
Let h be (-1)/((2/1)/32). Let g = -7 - h. What is the remainder when g is divided by 9 - (-9)/(27/(-12))?
4
Let n(s) = s**2. Let f be n(0). Suppose f = -o + 2*o - 38. What is the remainder when o is divided by 13?
12
Let k(f) = f**3 - 7*f**2 + 8*f - 2. Let s be k(6). Suppose 0 = -v + 6*v - s. What is the remainder when 8 is divided by v?
0
Calculate the remainder when ((-1)/(-3))/((-4)/(-216)) is divided by 10.
8
Let m = 12 - 6. Calculate the remainder when 8 is divided by m.
2
Let c be -1 - -2*1 - 11. Let h = -6 - c. Suppose -4*m + 26 = -3*g, 3*m + 0*m = h*g + 16. What is the remainder when 22 is divided by m?
6
Let s = -125 - -137. Suppose 4*b - 39 = 49. What is the remainder when b is divided by s?
10
Suppose 3*m = f + f + 39, f - 63 = -4*m. Calculate the remainder when 42 is divided by m.
12
Calculate the remainder when 8 is divided by 12/10*50/20.
2
Suppose 5*z - d = 11, 0 = -z + d + 1 + 2. What is the remainder when 2 is divided by z?
0
Suppose -9*g + 4*g = -90. Calculate the remainder when 35 is divided by g.
17
Suppose -238 = -5*a - 3. Suppose a = 5*w + m, 2*w + 3*m - 23 = 4*m. What is the remainder when w is divided by 4?
2
Let g = -169 + 295. Suppose 2*c - 5*c = d - g, -c + 2*d + 35 = 0. Let q(a) = -a**2 - 11*a - 7. Calculate the remainder when c is divided by q(-7).
20
Let g = 5 - 3. Let t(c) = -1 + 0*c**2 + 31 + c**g + c. Calculate the remainder when t(0) is divided by 16.
14
Suppose m + 5*r + 0*r = 89, -3 = -r. What is the remainder when m is divided by 19?
17
Let s(x) = x**3 - 11*x**2 - 12*x + 9. Let j(i) = -i**2 - 9*i + 13. Calculate the remainder when s(12) is divided by j(-10).
0
Suppose 4*i = 4*n + 6 - 2, -n + 4*i - 13 = 0. Suppose -2*a = -15 + n. Let k = 10 - 6. Calculate the remainder when a is divided by k.
2
Suppose 20*r - 15 - 305 = 0. What is the remainder when 108 is divided by r?
12
Suppose -w - 3*r + 26 = 0, 3*w - 3*r - 52 = w. Suppose 2*u - 7*u = -90. Let d = w - u. Calculate the remainder when 14 is divided by d.
6
Suppose 36 = 5*z - 99. Let b = -1 + z. What is the remainder when 50 is divided by b?
24
Suppose 5*q + 35 = l, -5*l + 0*q - q = -97. Calculate the remainder when l is divided by 11.
9
Suppose -4 = -c + 5. Calculate the remainder when (11/4)/((-6 - 2)/(-96)) is divided by c.
6
Suppose 0 = p + 4*p - g + 4, 3*g - 12 = 0. Suppose -6 = -p*l - l. What is the remainder when 9 is divided by l?
3
Let c(g) = 2*g**3 - g**2 - 2. Calculate the remainder when 17 is divided by c(2).
7
Let g be -1 + 22 + 1 - 0. Suppose 0 = -3*m - 4 + g. Suppose -5*c + 14 = -m. What is the remainder when 5 is divided by c?
1
Suppose 0 = -t + 3*t - 12. Let g = 3 - 2. What is the remainder when g/3*0 - -17 is divided by t?
5
Suppose 2*n = -0*n + 22. What is the remainder when 58 is divided by (-4)/12*3 + n?
8
Let p(h) = -h**3 - 12*h**2 - 11*h + 2. Let f be p(-11). Suppose c = f + 2. Let b = 7 + c. Calculate the remainder when b is divided by 6.
5
Suppose -3*j = -i, 4*j - 4 - 12 = -4*i. What is the remainder when 47 is divided by i?
2
Let x = 9 - -6. Suppose 9 = 4*b - 23. What is the remainder when x is divided by b?
7
Let r = -78 + 130. Calculate the remainder when r is divided by 27.
25
Suppose -3*b = -2*b. Let u(f) = 0 - 3 - 3*f + 2*f + b. What is the remainder when u(-8) is divided by 2?
1
Let u be (5/15)/(1/9). What is the remainder when 17 is divided by -1 - (-6)/u*5?
8
Suppose 3*k = 4*b + 1, 3*b = -k + 13 - 4. Suppose -k*n + 86 = 8. What is the remainder when n is divided by 9?
8
Let q = -14 + 38. Suppose -2*h = -5*y - q, h + 47 = 4*h - 2*y. Calculate the remainder when 33 is divided by h.
16
Let u(y) = 15*y + 1. Let x be (-1 - 1) + -1 - -4. Calculate the remainder when 31 is divided by u(x).
15
Suppose 0 = -5*p + 4*a + 14 + 62, 0 = -3*p + 3*a + 48. What is the remainder when 1/2 - 86/(-4) is divided by p?
10
What is the remainder when 27 is divided by ((-2)/4)/((-1)/32)?
11
What is the remainder when 2/(-6)*(-365 + -4) is divided by 31?
30
Calculate the remainder when 0 - -80 - (-3)/(-3) is divided by 16.
15
Suppose 3 = o, -4*v + 92 = 7*o - 3*o. What is the remainder when 194/10 + v/(-50) is divided by 11?
8
Suppose -11*n = -14*n + 24. Calculate the remainder when 31 is divided by n.
7
Suppose -4*t + 16 = -0. Suppose 0 = -t*a - 21 + 333. Suppose -4*d + d = -a. Calculate the remainder when d is divided by 14.
12
Let h(t) = -2*t**2 - 7*t - 6. Let x be h(6). Let y = -77 - x. Calculate the remainder when y is divided by 15.
13
Suppose -4*z - 50 = z. Let g be (z/15)/(4/(-42)). Suppose -2*n = -n - g. What is the remainder when 18 is divided by n?
4
Suppose 89 = 4*y - m, -2*m + m + 87 = 4*y. Suppose -2*q = -3*h + h + y, q + 39 = 3*h. Calculate the remainder when h is divided by 1 + -2*1 + 6.
4
Let h = -141 + 161. Suppose 4*f - 54 = 450. Let q = f + -68. Calculate the remainder when q is divided by h.
18
Let t(n) be the first derivative of -n**3/3 + 13*n**2/2 - 7*n + 1. Calculate the remainder when t(5) is divided by 18.
15
Let c(i) be the first derivative of i**4/4 - i**3 + 3*i**2/2 + 4*i - 2. What is the remainder when c(3) is divided by 5?
3
Let x = -59 - -114. What is the remainder when x is divided by 14?
13
Suppose 2*o - 2*m + 46 = 0, -3*m - 39 = o - 4. Let c be 176/(-12) + 1/(-3). Let j = c - o. Calculate the remainder when 30 is divided by j.
8
Let w(n) = n**2 + 2*n - 1. Let m be w(1). Suppose m*g - 4 = h + 3, -g - 5*h = -20. Calculate the remainder when 14 is divided by g.
4
Let o = -85 - -148. What is the remainder when o is divided by 16?
15
Let g = -80 - -92. What is the remainder when 59 is divided by g?
11
Let r(v) = v + 8. Let l be r(-6). Let f = -1 + l. Suppose 2*b - 3*b = -f. What is the remainder when 1 is divided by b?
0
Suppose 4*k + 5*y - 51 = 35, -3*k + 64 = 4*y. Calculate the remainder when 95 is divided by k.
23
Suppose -4*a - 5 = 7. Calculate the remainder when 55 - (6/a + 2) is divided by 14.
13
Let j be -8 - -2 - (-1 + 2). Calculate the remainder when 9/(-18) - (-25)/2 is divided by (-132)/(-28) - 2/j.
2
Let t(b) = 13 - 2*b + 4*b - b. Let w = 4 - -3. Calculate the remainder when t(